s 3ac02 (base 15) in base 4?
231332213
What is -21021323101 (base 4) in base 12?
-978a41
101002120112 (base 4) to base 6
235420502
Convert 3102031013 (base 4) to base 7.
10214126
Convert 121422410 (base 5) to base 16.
8cc5d
Convert -5218b7 (base 12) to base 10.
-1288651
Convert 17767 (base 10) to base 6.
214131
Convert 27125776 (base 8) to base 13.
13484c2
What is -10011011101111100011111 (base 2) in base 10?
-5103391
-11111110101001111 (base 2) to base 5
-13133013
Convert -981205 (base 11) to base 12.
-637605
3977 (base 12) to base 4
1212223
b8cbf (base 16) to base 15
ee41c
Convert e1e29 (base 15) to base 10.
715314
Convert -10112320222 (base 4) to base 8.
-4267052
-3307718 (base 9) to base 4
-12301320011
What is 666899 (base 16) in base 10?
6711449
What is b231c (base 13) in base 15?
64832
Convert 7452083 (base 9) to base 4.
33032101131
10001101100110010111 (base 2) to base 11
366835
Convert -2287076 (base 11) to base 15.
-53cb1c
503032 (base 6) to base 2
1001101001111100
dc2d1 (base 15) to base 16
aab87
What is -1011001100111000111100 (base 2) in base 6?
-142534204
41055761 (base 8) to base 11
4995138
-7b8828 (base 13) to base 7
-33631433
4bb1b (base 12) to base 6
2115235
-10144713 (base 9) to base 2
-10010100101011001001101
Convert 270101 (base 9) to base 4.
220010023
What is 815a81 (base 11) in base 10?
1311003
What is -1122023330 (base 4) in base 8?
-1321374
Convert 1564300 (base 8) to base 2.
1101110100011000000
112211010110 (base 3) to base 10
291693
Convert 189bc (base 14) to base 3.
10011110100
Convert -394859 (base 14) to base 15.
-28e3ae
Convert 1020012221010012 (base 3) to base 13.
3871826
-1100010000010101100101 (base 2) to base 5
-1310301040
What is -6a0388 (base 15) in base 8?
-23241207
Convert 77a76 (base 15) to base 10.
380361
Convert -3016026 (base 8) to base 16.
-c1c16
-328d3b (base 16) to base 6
-155001431
Convert -120571b (base 13) to base 4.
-111102230103
Convert 3220230132 (base 4) to base 5.
220444433
What is -1168661 (base 10) in base 15?
-18140b
What is 306454 (base 8) in base 13?
37383
What is -30e48 (base 16) in base 3?
-101011201012
Convert -3df9e (base 16) to base 7.
-2105046
Convert -81c1b5 (base 16) to base 14.
-11b5057
What is 206455062 (base 7) in base 4?
232332331020
Convert ca22a (base 13) to base 7.
3050235
10011101100111110 (base 2) to base 10
80702
Convert 7760431 (base 9) to base 7.
50320420
100010000100010110 (base 2) to base 10
139542
What is 596d31 (base 14) in base 4?
23221211133
-118980 (base 11) to base 4
-231301331
8512656 (base 10) to base 2
100000011110010010010000
Convert 23111311322 (base 4) to base 12.
bb4622
What is 10003 (base 13) in base 7?
146164
What is 154918 (base 15) in base 8?
3727720
Convert 17c38c (base 13) to base 7.
5041021
23100030 (base 4) to base 9
70203
What is d53 (base 14) in base 4?
220331
What is 259718 (base 12) in base 9?
1141562
What is 1160224 (base 9) in base 7?
5232565
What is -222044234 (base 5) in base 11?
-604162
-207b0 (base 16) to base 8
-403660
Convert 21317 (base 15) to base 5.
11332242
What is 15792 (base 11) in base 6?
250552
18a585 (base 12) to base 5
102322241
Convert 6059 (base 12) to base 2.
10100011000101
-201222032010 (base 4) to base 12
-2b56370
Convert 11121110112 (base 5) to base 11.
6a30a21
What is -201200332 (base 7) in base 13?
-255ca72
-3560260 (base 7) to base 13
-12a69c
72cda (base 16) to base 7
3665642
What is 10425681 (base 10) in base 3?
201121200100100
What is 11460786 (base 10) in base 14?
1744958
What is -17ca92 (base 14) in base 5?
-203414002
-216996 (base 11) to base 4
-1110131003
-5d287 (base 14) to base 13
-7cb89
102002210002 (base 3) to base 9
362702
Convert -4b4890a (base 12) to base 6.
-1244434014
Convert -15160241 (base 7) to base 4.
-11200110320
What is -353654 (base 9) in base 15?
-43034
What is -21230323000 (base 4) in base 15?
-353881
What is -20314203 (base 5) in base 16?
-28b93
Convert 3207932 (base 10) to base 2.
1100001111001011111100
1633675 (base 10) to base 11
a1644a
Convert 1dc06 (base 16) to base 6.
2340102
What is 247b26 (base 14) in base 6?
42450154
Convert 2858607 (base 9) to base 10.
1574404
Convert -40301501 (base 6) to base 8.
-4271255
-2693298 (base 11) to base 10
-4645539
793872 (base 10) to base 13
21a461
Convert -12614130 (base 7) to base 11.
-7251a1
What is -22324504 (base 6) in base 10?
-680152
What is 92e00 (base 16) in base 3?
1010120020111
Convert 122211212112012 (base 3) to base 9.
18755465
a32d (base 14) to base 12
142b1
20002022001002 (base 3) to base 15
43d2b8
Convert 112210301 (base 4) to base 10.
92465
-101220222 (base 3) to base 16
-1f1c
606023 (base 14) to base 12
1104ba7
Convert -10100101101101011 (base 2) to base 14.
-22cc3
Convert -1342103440 (base 5) to base 2.
-1101001111101111110010
What is 1237bb (base 12) in base 14?
7a167
What is 12204690 (base 10) in base 6?
1113331110
What is -111032122 (base 4) in base 10?
-86938
Convert -3133011022 (base 4) to base 15.
-130b0d
1110410300 (base 5) to base 4
21102200003
What is 11000100010000111 (base 2) in base 4?
120202013
Convert 10101000000011100000 (base 2) to base 9.
1258215
Convert -81780 (base 11) to base 13.
-42462
What is -48b5 (base 14) in base 12?
-7427
Convert 2216431 (base 9) to base 16.
12314b
Convert 22002001120 (base 3) to base 15.
32179
-431237 (base 9) to base 4
-332230210
What is -405312 (base 6) in base 3?
-1122022022
What is -14001512 (base 6) in base 16?
-72014
-1022110021011 (base 3) to base 15
-dbb81
Convert 49bcb6 (base 16) to base 5.
2214114223
-aa17 (base 12) to base 7
-105430
20220210210120 (base 3) to base 10
3676929
-16527 (base 9) to base 16
-2c65
-3312243430 (base 5) to base 7
-114526042
What is 11043144103 (base 5) in base 7?
204500063
What is -111342 (base 6) in base 13?
-439a
What is 22a34 (base 13) in base 4?
33130101
-147035 (base 8) to base 4
-30320131
What is -1010011100001110111 (base 2) in base 12?
-145bb3
Convert -39b27 (base 15) to base 9.
-311401
Convert -12371 (base 16) to base 8.
-221561
Convert 11d093 (base 14) to base 15.
c152b
-242232 (base 5) to base 3
-110102211
-903b1 (base 12) to base 14
-4c309
What is 11110000100110111110 (base 2) in base 14?
1b9234
850509 (base 12) to base 2
111111111011111011001
What is 202232312 (base 4) in base 10?
142262
What is -15abb0c (base 13) in base 10?
-6994922
Convert 9a9c0 (base 16) to base 4.
2122213000
137b98 (base 14) to base 10
674570
What is -17466 (base 8) in base 16?
-1f36
What is -22141440 (base 5) in base 12?
-93aa2
Convert -1a8305 (base 12) to base 8.
-1626665
Convert -449514 (base 16) to base 10.
-4494612
-32425114 (base 6) to base 12
-3a819a
-894569 (base 10) to base 13
-254240
Convert -13513533 (base 10) to base 7.
-222602025
-21404331 (base 6) to base 4
-2123322133
Convert 10122133002 (base 4) to base 7.
12556230
What is -30833500 (base 9) in base 14?
-1d85674
1164790 (base 11) to base 8
7566350
7698582 (base 10) to base 16
757896
What is 428270 (base 9) in base 16?
3e58f
Convert -124133332 (base 5) to base 7.
-5140354
Convert -4898183 (base 10) to base 15.
-66b4a8
208429 (base 13) to base 6
24150321
10122211101220 (base 3) to base 6
105405510
What is 23468 (base 10) in base 4?
11232230
Convert 2445204 (base 6) to base 10.
130756
1228 (base 16) to base 9
6334
Convert 924bda (base 14) to base 5.
2230234242
Convert 8498a (base 16) to base 6.
15350230
-28404b (base 14) to base 8
-5242543
-21010420 (base 5) to base 4
-222021002
Convert 1248be (base 16) to base 10.
1198270
-2034 (base 14) to base 8
-12636
Convert 129799 (base 16) to base 5.
302442312
-93484 (base 10) to base 7
-536356
Convert 5354332 (base 6) to base 13.
9327b
What is -1163752 (base 10) in base 9?
-2163327
What is -244054 (base 9) in base 10?
-147307
Convert 1a312 (base 13) to base 3.
2121000212
-4001354 (base 6) to base 9
-314437
b1bb37 (base 12) to base 13
7638c7
-112416623 (base 7) to base 6
-403444132
What is e987 (base 15) in base 3?
2111202201
Convert -11000001111111 (base 2) to base 14.
-474b
5300002 (base 7) to base 2
10011011111011001100
-35663624 (base 9) to base 7
-300630025
What is -2a0a1a (base 13) in base 2?
-11111011011100010101
662ab (base 16) to base 12
18220b
13a08c9 (base 15) to base 14
1c50781
-1692654 (base 11) to base 4
-22331123323
Convert -153819 (base 12) to 